he tens digit of 9906?
0
What is the units digit of 952?
2
What is the units digit of 9006?
6
What is the tens digit of 1051?
5
What is the units digit of 980?
0
What is the thousands digit of 6104?
6
What is the units digit of 503?
3
What is the units digit of 3584?
4
What is the tens digit of 11491?
9
What is the units digit of 892?
2
What is the hundreds digit of 2550?
5
What is the hundreds digit of 170?
1
What is the thousands digit of 17041?
7
What is the thousands digit of 1080?
1
What is the hundreds digit of 3186?
1
What is the hundreds digit of 333?
3
What is the tens digit of 2753?
5
What is the ten thousands digit of 26561?
2
What is the units digit of 1461?
1
What is the tens digit of 28891?
9
What is the ten thousands digit of 177976?
7
What is the units digit of 16882?
2
What is the units digit of 16717?
7
What is the units digit of 14112?
2
What is the units digit of 5295?
5
What is the tens digit of 83?
8
What is the units digit of 20420?
0
What is the tens digit of 94581?
8
What is the hundred thousands digit of 142477?
1
What is the units digit of 792?
2
What is the ten thousands digit of 15557?
1
What is the hundreds digit of 3836?
8
What is the thousands digit of 29479?
9
What is the hundreds digit of 808?
8
What is the thousands digit of 11274?
1
What is the thousands digit of 32581?
2
What is the thousands digit of 47092?
7
What is the hundreds digit of 365?
3
What is the hundreds digit of 877?
8
What is the units digit of 988?
8
What is the thousands digit of 48103?
8
What is the tens digit of 1648?
4
What is the tens digit of 13671?
7
What is the tens digit of 8913?
1
What is the tens digit of 1690?
9
What is the tens digit of 35?
3
What is the thousands digit of 9296?
9
What is the ten thousands digit of 105492?
0
What is the thousands digit of 31797?
1
What is the thousands digit of 1885?
1
What is the units digit of 8226?
6
What is the units digit of 3592?
2
What is the tens digit of 1397?
9
What is the thousands digit of 3404?
3
What is the tens digit of 97139?
3
What is the ten thousands digit of 17279?
1
What is the tens digit of 1369?
6
What is the units digit of 2602?
2
What is the tens digit of 279?
7
What is the hundreds digit of 2702?
7
What is the thousands digit of 1454?
1
What is the units digit of 307?
7
What is the tens digit of 3515?
1
What is the hundreds digit of 26690?
6
What is the thousands digit of 5252?
5
What is the hundreds digit of 5579?
5
What is the units digit of 7802?
2
What is the tens digit of 56382?
8
What is the units digit of 12470?
0
What is the tens digit of 569?
6
What is the thousands digit of 22242?
2
What is the thousands digit of 53593?
3
What is the hundreds digit of 3409?
4
What is the tens digit of 18918?
1
What is the units digit of 1240?
0
What is the units digit of 911?
1
What is the hundreds digit of 3139?
1
What is the thousands digit of 37777?
7
What is the hundreds digit of 788?
7
What is the units digit of 189?
9
What is the tens digit of 11388?
8
What is the thousands digit of 103258?
3
What is the tens digit of 830?
3
What is the hundreds digit of 99208?
2
What is the hundreds digit of 22471?
4
What is the hundreds digit of 5420?
4
What is the hundreds digit of 4594?
5
What is the hundreds digit of 532?
5
What is the hundreds digit of 5132?
1
What is the units digit of 1762?
2
What is the units digit of 12689?
9
What is the units digit of 6254?
4
What is the thousands digit of 1199?
1
What is the hundreds digit of 1186?
1
What is the units digit of 1486?
6
What is the units digit of 8909?
9
What is the tens digit of 4269?
6
What is the thousands digit of 15628?
5
What is the thousands digit of 8678?
8
What is the thousands digit of 3695?
3
What is the units digit of 966?
6
What is the hundreds digit of 3704?
7
What is the tens digit of 735?
3
What is the hundreds digit of 1025?
0
What is the thousands digit of 2272?
2
What is the hundreds digit of 27353?
3
What is the hundreds digit of 9559?
5
What is the tens digit of 27?
2
What is the units digit of 1347?
7
What is the units digit of 62262?
2
What is the tens digit of 37895?
9
What is the units digit of 1350?
0
What is the hundreds digit of 715?
7
What is the units digit of 8345?
5
What is the tens digit of 61690?
9
What is the units digit of 20810?
0
What is the units digit of 553?
3
What is the tens digit of 37204?
0
What is the tens digit of 137802?
0
What is the units digit of 7875?
5
What is the units digit of 181382?
2
What is the tens digit of 73534?
3
What is the hundreds digit of 715?
7
What is the ten thousands digit of 24677?
2
What is the units digit of 27203?
3
What is the hundreds digit of 901?
9
What is the units digit of 24395?
5
What is the units digit of 73?
3
What is the units digit of 37850?
0
What is the tens digit of 415?
1
What is the units digit of 5769?
9
What is the units digit of 1127?
7
What is the tens digit of 2339?
3
What is the hundreds digit of 29156?
1
What is the thousands digit of 1851?
1
What is the tens digit of 1789?
8
What is the units digit of 1434?
4
What is the thousands digit of 3831?
3
What is the tens digit of 2081?
8
What is the hundreds digit of 313?
3
What is the thousands digit of 27839?
7
What is the hundreds digit of 9112?
1
What is the units digit of 63955?
5
What is the tens digit of 95533?
3
What is the thousands digit of 27009?
7
What is the hundreds digit of 6536?
5
What is the tens digit of 3396?
9
What is the hundreds digit of 1165?
1
What is the tens digit of 51252?
5
What is the thousands digit of 2671?
2
What is the tens digit of 602?
0
What is the tens digit of 8399?
9
What is the hundreds digit of 8359?
3
What is the tens digit of 17572?
7
What is the units digit of 821?
1
What is the ten thousands digit of 60436?
6
What is the hundreds digit of 475?
4
What is the units digit of 17354?
4
What is the tens digit of 2525?
2
What is the ten thousands digit of 17006?
1
What is the thousands digit of 1377?
1
What is the units digit of 765?
5
What is the tens digit of 4785?
8
What is the tens digit of 70811?
1
What is the tens digit of 290?
9
What is the units digit of 933?
3
What is the units digit of 40743?
3
What is the tens digit of 41938?
3
What is the units digit of 2298?
8
What is the thousands digit of 56653?
6
What is the thousands digit of 56114?
6
What is the thousands digit of 33372?
3
What is the thousands digit of 6791?
6
What is the tens digit of 770?
7
What is the units digit of 10223?
3
What is the thousands digit of 17233?
7
What is the tens digit of 2305?
0
What is the ten thousands digit of 15302?
1
What is the tens digit of 12543?
4
What is the thousands digit of 33866?
3
What is the units digit of 6?
6
What is the tens digit of 51262?
6
What is the units digit of 627?
7
What is the tens digit of 784?
8
What is the thousands digit of 1509?
1
What is the tens digit of 34859?
5
What is the units digit of 3566?
6
What is the units digit of 3085?
5
What is the units digit of 4695?
5
What is the thousands digit of 43068?
3
What is the thousands digit of 2090?
2
What is the tens digit of 18405?
0
What is the thousands digit of 49685?
9
What is the thousands digit of 62165?
2
What is the thousands digit of 1626?
1
What is the thousands digit of 7465?
7
What is the hundreds digit of 3414?
4
What is the thousands digit of 14641?
4
What is the units digit of 586?
6
What is the ten thousands digit of 10131?
1
What is the tens digit of 41371?
7
What is the units digit of 4332?
2
What is the units digit of 26232?
2
What is the thousands digit of 41706?
1
What is the units digit of 2826?
6
What is the tens digit of 1601?
0
What is the tens digit of 166?
6
What is the hundreds digit of 30250?
2
What is the tens digit of 7501?
0
What is the units digit of 3260?
0
What is the hundreds digit of 260?
2
What is the hundreds digit of 252?
2
What is the tens digit of 4579?
7
What is the tens digit of 665?
6
What is the units digit of 1365?
5
What is the units digit of 42757?
7
What is the tens digit of 58664?
6
What is the thousands digit of 10002?
0
What is the hundreds digit of 2940?
9
What is the thousands digit of 13249?
3
What is the thousands digit of 11422?
1
What is the units digit of 1211?
1
What is the hundreds digit of 3185?
1
What is the te